se -3 + 31 = 7*h. Let o be (-6)/(-16)*h*2. Determine l(o).
5
Let n(t) = -t**3 - 7*t**2 + 8*t + 6. Let w(l) = -l**2 + 8. Let z = 32 - 28. Let g be w(z). Determine n(g).
6
Let o(d) = d - 10. Suppose 0 = -44*f + 41*f + 27. Give o(f).
-1
Let s(x) = 2*x**2 + 8*x - 5. Suppose -3*v = -2*v. Suppose v = 5*u + 86 + 69. Let d = 25 + u. Calculate s(d).
19
Let l(a) = 4*a**2 - 51 + 8*a - 5*a**2 + 61. Calculate l(9).
1
Let w = -10 - -16. Let y(s) = -w + 4 + 4 + s + 4. Let r be y(-9). Let k(v) = v**2 + 4*v + 3. Calculate k(r).
0
Let k(l) = -l**3 - 1092*l - 15*l**2 + 2*l**3 + 1076*l + 22. Calculate k(16).
22
Suppose 0*q = -5*v - q + 64, -5*v + 3*q + 48 = 0. Let g(w) = 2*w - 1. Let t be g(2). Let s(h) = -4*h - v + 16 + t*h. Determine s(-6).
10
Let r(i) = 5*i + 1. Let q(j) = -j. Let l(z) = 4*q(z) + r(z). Let x = 1217 - 1217. Calculate l(x).
1
Let c be 5*4/6*6/4. Let s(p) = -9 + c + p + 9. Determine s(-5).
0
Let d(r) = r**2 + 2*r - 1. Let b = 266 - 268. Calculate d(b).
-1
Let y(w) = -3*w + 11. Suppose 2*n - 12*n = 0. Determine y(n).
11
Suppose 3*o = 3*m + 19 + 26, -o + 15 = 3*m. Suppose 3*s - o = 6*s. Let a be 9 - 1 - (-2 - s). Let w(t) = t - 7. What is w(a)?
-2
Suppose 0*d - 2*d + 10 = 0. Suppose d*c + 2*c = 70. Suppose 5*v + 2 = -3, -c = 3*q - 5*v. Let g(w) = -w**2 - 5*w + 5. Calculate g(q).
5
Let m(t) = 2*t - t + 0*t + 2 + 0 - 9. What is m(-5)?
-12
Let z(o) = -4 + 5 + o + 5 + 3. Give z(-10).
-1
Let z(y) = -y**2 - 7*y - 1. Let r be z(-6). Let o = r + -12. Let h = o - -4. Let p(w) = -w**3 - w**2 + 5*w + 2. Give p(h).
5
Let a(n) = -n - 11. Let v be 7/56*-22*4. Calculate a(v).
0
Let u = -817 + 816. Let q(r) be the first derivative of -3*r**4/4 + r**2 + r - 1. What is q(u)?
2
Let l(u) be the first derivative of -3*u**2/2 - 13*u - 170. Determine l(-7).
8
Suppose -2 = -2*i + 4*i. Let m = i + 0. Let l(q) = -9*q - 5*q + 1 - 8*q + 23*q - q**2. Give l(m).
-1
Let l(z) = 7*z**3 + 7*z**2 + 10*z + 3. Let d(s) = 12*s**3 + 13*s**2 + 19*s + 4. Let u(j) = 4*d(j) - 7*l(j). Calculate u(2).
11
Let y = -51 + 43. Let f = y - -8. Let s(r) = r**2 - 15. Determine s(f).
-15
Let k(d) be the second derivative of 5/3*d**3 - 9*d - 11/12*d**4 + 0 + 7/2*d**2 + 1/20*d**5. Determine k(10).
7
Let b(k) be the second derivative of k**4/4 - k**3/2 + 3*k**2/2 - 425*k. Determine b(3).
21
Let r(w) = w**3 - 3*w**2 + w + 4. Suppose -27 = -3*s - 15. Determine r(s).
24
Let a be ((-8)/(-20))/((-2)/(-10)). Let x be ((16/3)/a)/(3/(-9)). Let z(c) = c**3 + 7*c**2 - 6*c + 11. Give z(x).
-5
Let p(v) be the third derivative of v**7/2520 + v**6/120 + 7*v**5/120 + 7*v**4/24 + 4*v**2. Let a(w) be the second derivative of p(w). Give a(-5).
2
Suppose 0*o = 4*o - 48. Suppose -3*d - 3*m = -o, 6 = 5*d - m - 2. Let k(v) = v - 1. Let g(z) = 7*z - 3. Let q(x) = g(x) - 4*k(x). What is q(d)?
7
Let m(w) be the third derivative of -w**5/20 + 7*w**4/24 - 4*w**3/3 - 661*w**2. Give m(2).
-6
Let g(u) = -u**3 + 5*u**2 - 4*u + 1. Let d = 409 + -405. What is g(d)?
1
Let l(p) = p**3 + 5*p**2 + 4*p + 3. Let w = 15 + -19. Let a be l(w). Let k(r) = -a*r + 8*r - 2*r - 2. Determine k(4).
10
Let w = -20 + 17. Let g(k) = -k + 1. Let y(m) = m**2 - 8*m - 7. Let o(a) = w*g(a) + y(a). What is o(7)?
4
Let z(p) be the second derivative of -2*p**3/3 - 3*p**2/2 + p. Let d(o) = -3*o - 2. Let n be (9/4)/(6/8). Let w(a) = n*d(a) - 2*z(a). What is w(-6)?
6
Let n(o) = -o**2 + 3*o - 10. Let v be (((-4)/(-2))/2)/1. Let b(s) = 1. Let m(q) = v*n(q) + 6*b(q). Give m(4).
-8
Let z(g) be the first derivative of g**4/4 + g**3 - 3*g**2 - 3*g + 1. Let t(y) = 2*y**3 - 8*y**2 - 31*y - 82. Let q be t(7). Give z(q).
-23
Let x(t) = -t**2 - 12*t + 41. Suppose -1450 + 1240 = 14*a. Give x(a).
-4
Suppose -7*s = -12*s + 20. Let i(g) be the third derivative of 0*g**s - 2*g**2 + 0*g + 0 + g**3 + 1/60*g**5. Give i(0).
6
Let k(o) = o**2 - 7*o + 3. Let m = -61 + 65. Suppose -2*d + d - m*a + 26 = 0, 5*a - 37 = -2*d. Give k(d).
-3
Let q(k) be the second derivative of -k**4/12 - k**3/3 - k**2 + 12*k. Let h = 3 - 3. Suppose 3*d + 21 = -r - 2*r, 4*d - 2*r + 10 = h. Calculate q(d).
-10
Let w(r) be the third derivative of -13*r**8/20160 + r**7/2520 - r**6/720 + r**5/12 - 14*r**2. Let b(f) be the third derivative of w(f). Give b(1).
-12
Let d(h) = 13*h**2 + 50*h - 21. Let m(o) = 3*o**2 + 12*o - 5. Let n(c) = 2*d(c) - 9*m(c). Let x(z) = 5*z + 3. Let q be x(-2). Give n(q).
10
Let t(r) be the second derivative of -r**4/4 + r**3/3 + 11*r. Let x = 376 - 374. Determine t(x).
-8
Let y(t) = -t. Suppose 2*n = 3 - 1. Suppose -u - 25 = -4*z - 9, 0 = 5*u - 4*z. Suppose 0 = -u*s - n + 21. Give y(s).
-5
Let h(c) = c**2 + 2*c + 4. Let w(a) = 2*a - 6. Let u be w(3). Give h(u).
4
Let x(z) be the first derivative of -z**4/12 - z**3/2 + 2*z**2 + 4*z - 7. Let b(h) be the first derivative of x(h). Calculate b(-3).
4
Let v(r) = 22*r**2 - 23*r + 18. Let k(s) = 5*s**2 - 6*s + 5. Let z(a) = -9*k(a) + 2*v(a). Determine z(10).
-29
Suppose 3*o - 3*z - 33 = 0, -4*o - 2*z + 39 = -z. Let s(a) = -a**2 + 11*a - 11. Give s(o).
-1
Let t = -37 - -58. Let j = 18 - t. Let f(h) = 5*h + 6. Let a(w) = -9*w - 11. Let p(y) = 6*a(y) + 11*f(y). Give p(j).
-3
Let g(v) = -v**3 - 5*v**2 - 6*v - 5. Let o be g(-4). Suppose 2 = p - o. Let y(l) = 1 + 2*l - 2 - p*l. Determine y(1).
-4
Let z(i) = -7*i**2 + 5*i + 2. Let l(f) = -16*f**2 + 11*f + 4. Let n(x) = -4*l(x) + 9*z(x). What is n(-4)?
14
Let h(u) = u**2 + 4*u - 22. Let x(n) = n**2 + 5*n - 23. Let r(b) = -3*h(b) + 4*x(b). Calculate r(-11).
7
Let h(j) = -7*j**2 + 13*j + 27. Let z(u) = 6*u**2 - 10*u - 27. Let l(g) = 4*h(g) + 5*z(g). Determine l(0).
-27
Let r(b) = -b**2 + b. Let s(g) = -3*g**2 + 3*g - 1. Let d be -1 + (-1 - -2) - -1. Suppose -10 = 22*t - 17*t. Let v(x) = d*s(x) + t*r(x). Determine v(1).
-1
Let b be 20/(-15)*9/(-2) + -1. Let q(j) = 13*j**2 - 1 - 15*j**3 - 2*j + b*j**3 - 14*j**2. Determine q(-1).
10
Let l(u) = 0*u**2 + 7*u - 6 + 2 - 4*u**2 - u**3 - 3*u**2. What is l(-8)?
4
Let g(j) = 3*j + 27. Let o(d) = d + 7. Let z(s) = -6*g(s) + 22*o(s). Give z(2).
0
Let i(r) = -2*r**3 - r**2 + r + 2. Suppose -7*x - 544 = 9*x. Let v = x - -36. What is i(v)?
-16
Let g = 82 + -85. Let n(j) = -7*j**2 + 3*j - 1. Let f(r) = 7*r**2 - 2*r + 1. Let t(b) = g*f(b) - 2*n(b). What is t(-1)?
-8
Let u(m) = m**3 - 6*m**2 + 8*m - 3. Let j(s) = 9*s + 0 - 3*s - 1. Let d = -14 + 15. Let t be j(d). What is u(t)?
12
Let q(r) be the second derivative of -r**5/20 - r**4/12 - r**3/3 - 6*r. Let x be (-15)/(-9)*(-36)/(-30). What is q(x)?
-16
Let y be -1*(-108 - -5)/((-2)/(-2)). Let g(h) = 4*h**2 + 111 - y + h - 5*h**2. Give g(0).
8
Let o(c) be the second derivative of 2*c**3/3 + 3*c**2 - 131*c. Calculate o(-5).
-14
Let i(r) be the second derivative of 5*r**2 + 19*r + 1/6*r**3 + 0. Determine i(-8).
2
Let a(c) be the second derivative of -c**3/3 + c**2 + c. Suppose 9*o = 17*o + 48. Let p be (-1 - 0)*(2 + o - 0). Give a(p).
-6
Suppose 2*x + 12 = 14. Suppose x = 3*w - 5. Suppose 1 = w*y - 5. Let o(a) = a**3 - 5*a**2 + 4*a + 1. Calculate o(y).
-5
Suppose -4*o = -5*u - 65, 0 = 5*o + u - 54 - 20. Suppose 5 - o = -5*d. Let c(q) = 8*q - 14*q + 0*q**2 + q**d. Determine c(6).
0
Let l be (-38)/(-42) + 252/(-441). Let f(h) be the third derivative of -h**2 + 0*h - l*h**3 + 1/15*h**5 - 1/120*h**6 + 0 + 1/4*h**4. What is f(5)?
3
Let b(u) be the third derivative of -1/12*u**5 + 0 + 0*u - 1/3*u**4 + 1/120*u**6 - u**2 + 1/2*u**3. Determine b(6).
-9
Let c(j) = 3*j**2. Let s(g) = -g - 1. Let q(y) = -c(y) - 3*s(y). Determine q(-3).
-33
Let d(c) be the second derivative of c**4/12 + c**3 + 3*c**2/2 + 2*c + 3. Give d(-7).
10
Let h = -40 + 34. Let r(q) = -q**3 + 10*q**2 + q + 11. Let f(b) = b**3 - 11*b**2 - 2*b - 12. Let p(a) = h*r(a) - 5*f(a). What is p(4)?
-6
Let f(c) be the third derivative of c**7/5040 + c**6/120 - 13*c**5/60 + 4*c**2. Let r(q) be the third derivative of f(q). Calculate r(-7).
-1
Let r(j) = 7*j - 4. Let d(q) = 3*q**2 - 2*q + 1. Let x be d(-1). Determine r(x).
38
Let g(o) = 6*o**2 - 5*o + 9. Let r(j) = 26*j**2 - 21*j + 38. Let t(q) = 9*g(q) - 2*r(q). What is t(2)?
7
Let x(a) be the third derivative of 0*a + 3*a**2 + 1/4*a**4 - 7/6*a**3 + 1/60*a**5 + 0. Let c = -5 + 0. Calculate x(c).
-12
Suppose -i + 0*i + 4 = 0. Suppose 0 = 3*n - 5*v - 5, i*n - 2 = 2*n + 4*v. Let p(z) = -2*z + 4. Give p(n).
-6
Let m(u) be the third